{"id":14,"date":"2022-09-24T14:03:08","date_gmt":"2022-09-24T12:03:08","guid":{"rendered":"http:\/\/51.83.43.115\/?page_id=14"},"modified":"2022-11-18T21:39:55","modified_gmt":"2022-11-18T20:39:55","slug":"activites","status":"publish","type":"page","link":"https:\/\/irem-caen-mn.fr\/index.php\/activites\/","title":{"rendered":"Activit\u00e9s"},"content":{"rendered":"\n<div class=\"wp-block-group\"><div class=\"wp-block-group__inner-container is-layout-constrained wp-block-group-is-layout-constrained\">\n<p>Ci-dessous vous trouverez la listes des Exemples d&rsquo;activit\u00e9s ou de pratiques utilisant le num\u00e9rique class\u00e9es selon l&rsquo;impact de celui-ci.<\/p>\n\n\n\n<div class=\"wp-block-buttons is-content-justification-center is-layout-flex wp-container-core-buttons-is-layout-16018d1d wp-block-buttons-is-layout-flex\">\n<div class=\"wp-block-button is-style-3d\"><a class=\"wp-block-button__link has-black-color has-text-color has-background wp-element-button\" href=\"http:\/\/irem-caen-mn.fr\/index.php\/etiquettes\/substitution\/\" style=\"border-radius:15px;background-color:#ffbd59\">Substitution<\/a><\/div>\n\n\n\n<div class=\"wp-block-button is-style-3d\"><a class=\"wp-block-button__link has-black-color has-text-color has-background wp-element-button\" href=\"http:\/\/irem-caen-mn.fr\/index.php\/etiquettes\/augmentation\/\" style=\"border-radius:15px;background-color:#9fff54\">Augmentation<\/a><\/div>\n\n\n\n<div class=\"wp-block-button is-style-3d\"><a class=\"wp-block-button__link has-black-color has-text-color has-background wp-element-button\" href=\"http:\/\/irem-caen-mn.fr\/index.php\/etiquettes\/modification\/\" style=\"border-radius:15px;background-color:#54f4e0\">Modification<\/a><\/div>\n\n\n\n<div class=\"wp-block-button is-style-3d\"><a class=\"wp-block-button__link has-black-color has-text-color has-background wp-element-button\" href=\"http:\/\/irem-caen-mn.fr\/index.php\/etiquettes\/redefinition\/\" style=\"border-radius:15px;background-color:#38b6ff\">Red\u00e9finition<\/a><\/div>\n<\/div>\n\n\n\n<div style=\"height:26px\" aria-hidden=\"true\" class=\"wp-block-spacer\"><\/div>\n\n\n\n<p>Vous pouvez aussi les retrouver en fonction du mat\u00e9riel n\u00e9cessaire et de l&rsquo;outil num\u00e9rique utilis\u00e9.<\/p>\n\n\n\n<div class=\"wp-block-buttons is-content-justification-center is-layout-flex wp-container-core-buttons-is-layout-16018d1d wp-block-buttons-is-layout-flex\">\n<div class=\"wp-block-button has-custom-font-size is-style-3d\" style=\"font-size:em\"><a class=\"wp-block-button__link has-black-color has-text-color has-background wp-element-button\" style=\"border-radius:15px;background-color:#d0d414\">Ordinateur<\/a><\/div>\n\n\n\n<div class=\"wp-block-button has-custom-font-size is-style-3d\" style=\"font-size:em\"><a class=\"wp-block-button__link has-black-color has-text-color has-background wp-element-button\" style=\"border-radius:15px;background-color:#d0d414\">Tablette<\/a><\/div>\n\n\n\n<div class=\"wp-block-button has-custom-font-size is-style-3d\" style=\"font-size:em\"><a class=\"wp-block-button__link has-black-color has-text-color has-background wp-element-button\" style=\"border-radius:15px;background-color:#d0d414\">Smartphone<\/a><\/div>\n<\/div>\n\n\n\n<div style=\"height:6px\" aria-hidden=\"true\" class=\"wp-block-spacer\"><\/div>\n\n\n\n<div class=\"wp-block-buttons is-content-justification-center is-layout-flex wp-container-core-buttons-is-layout-16018d1d wp-block-buttons-is-layout-flex\">\n<div class=\"wp-block-button has-custom-font-size is-style-3d has-small-font-size\"><a class=\"wp-block-button__link has-white-color has-text-color has-background wp-element-button\" style=\"border-radius:15px;background-color:#1e4c69\"><strong>Plickers<\/strong><\/a><\/div>\n\n\n\n<div class=\"wp-block-button has-custom-font-size is-style-3d has-small-font-size\"><a class=\"wp-block-button__link has-white-color has-text-color has-background wp-element-button\" style=\"border-radius:15px;background-color:#1e4c69\"><strong>Kahoot<\/strong><\/a><\/div>\n\n\n\n<div class=\"wp-block-button has-custom-font-size is-style-3d has-small-font-size\"><a class=\"wp-block-button__link has-white-color has-text-color has-background wp-element-button\" style=\"border-radius:15px;background-color:#1e4c69\"><strong>Moodle<\/strong><\/a><\/div>\n\n\n\n<div class=\"wp-block-button has-custom-font-size is-style-3d has-small-font-size\"><a class=\"wp-block-button__link has-white-color has-text-color has-background wp-element-button\" style=\"border-radius:15px;background-color:#1e4c69\"><strong>Wims<\/strong><\/a><\/div>\n\n\n\n<div class=\"wp-block-button has-custom-font-size is-style-3d has-small-font-size\"><a class=\"wp-block-button__link has-white-color has-text-color has-background wp-element-button\" style=\"border-radius:15px;background-color:#1e4c69\"><strong>Plickers<\/strong><\/a><\/div>\n\n\n\n<div class=\"wp-block-button has-custom-font-size is-style-3d has-small-font-size\"><a class=\"wp-block-button__link has-white-color has-text-color has-background wp-element-button\" style=\"border-radius:15px;background-color:#1e4c69\"><strong>Capytale<\/strong><\/a><\/div>\n\n\n\n<div class=\"wp-block-button has-custom-font-size is-style-3d has-small-font-size\"><a class=\"wp-block-button__link has-white-color has-text-color has-background wp-element-button\" style=\"border-radius:15px;background-color:#1e4c69\"><strong>Coopmath<\/strong><\/a><\/div>\n\n\n\n<div class=\"wp-block-button has-custom-font-size is-style-3d has-small-font-size\"><a class=\"wp-block-button__link has-white-color has-text-color has-background wp-element-button\" style=\"border-radius:15px;background-color:#1e4c69\"><strong>Genially<\/strong><\/a><\/div>\n\n\n\n<div class=\"wp-block-button has-custom-font-size is-style-3d has-small-font-size\"><a class=\"wp-block-button__link has-white-color has-text-color has-background wp-element-button\" style=\"border-radius:15px;background-color:#1e4c69\"><strong>La quizini\u00e8re<\/strong><\/a><\/div>\n\n\n\n<div class=\"wp-block-button has-custom-font-size is-style-3d has-small-font-size\"><a class=\"wp-block-button__link has-white-color has-text-color has-background wp-element-button\" style=\"border-radius:15px;background-color:#1e4c69\"><strong>GeoGebra<\/strong><\/a><\/div>\n\n\n\n<div class=\"wp-block-button has-custom-font-size is-style-3d has-small-font-size\"><a class=\"wp-block-button__link has-white-color has-text-color has-background wp-element-button\" style=\"border-radius:15px;background-color:#1e4c69\"><strong>Labomep<\/strong><\/a><\/div>\n\n\n\n<div class=\"wp-block-button has-custom-font-size is-style-3d has-small-font-size\"><a class=\"wp-block-button__link has-white-color has-text-color has-background wp-element-button\" style=\"border-radius:15px;background-color:#1e4c69\"><strong>Learning apps<\/strong><\/a><\/div>\n\n\n\n<div class=\"wp-block-button has-custom-font-size is-style-3d has-small-font-size\"><a class=\"wp-block-button__link has-white-color has-text-color has-background wp-element-button\" style=\"border-radius:15px;background-color:#1e4c69\"><strong>Quizlet<\/strong><\/a><\/div>\n\n\n\n<div class=\"wp-block-button has-custom-font-size is-style-3d has-small-font-size\"><a class=\"wp-block-button__link has-white-color has-text-color has-background wp-element-button\" style=\"border-radius:15px;background-color:#1e4c69\"><strong>Scratch<\/strong><\/a><\/div>\n<\/div>\n<\/div><\/div>\n\n\n\n<hr class=\"wp-block-coblocks-dynamic-separator is-style-line\" style=\"height:40px\"\/>\n\n\n\n<h2 class=\"has-text-align-center wp-block-heading\">Listes des activit\u00e9s<\/h2>\n\n\n\n<div style=\"height:26px\" aria-hidden=\"true\" class=\"wp-block-spacer\"><\/div>\n\n\n\n<div class=\"wp-block-query is-layout-flow wp-block-query-is-layout-flow\"><ul class=\"is-flex-container columns-3 wp-block-post-template is-layout-flow wp-block-post-template-is-layout-flow\"><li class=\"wp-block-post post-1012 page type-page status-publish has-post-thumbnail hentry category-pratiques tag-ent tag-moodle tag-substitution\">\n\n<div style=\"height:1.6em\" aria-hidden=\"true\" class=\"wp-block-spacer\"><\/div>\n\n\n\n<div class=\"wp-block-group has-background\" style=\"background-color:#ddecf8\"><div class=\"wp-block-group__inner-container is-layout-flow wp-block-group-is-layout-flow\"><figure class=\"wp-block-post-featured-image\"><img loading=\"lazy\" decoding=\"async\" width=\"2000\" height=\"363\" src=\"https:\/\/irem-caen-mn.fr\/wp-content\/uploads\/2022\/11\/3.jpg\" class=\"attachment-post-thumbnail size-post-thumbnail wp-post-image\" alt=\"\" style=\"object-fit:cover;\" srcset=\"https:\/\/irem-caen-mn.fr\/wp-content\/uploads\/2022\/11\/3.jpg 2000w, https:\/\/irem-caen-mn.fr\/wp-content\/uploads\/2022\/11\/3-300x54.jpg 300w, https:\/\/irem-caen-mn.fr\/wp-content\/uploads\/2022\/11\/3-1024x186.jpg 1024w, https:\/\/irem-caen-mn.fr\/wp-content\/uploads\/2022\/11\/3-768x139.jpg 768w, https:\/\/irem-caen-mn.fr\/wp-content\/uploads\/2022\/11\/3-1536x279.jpg 1536w\" sizes=\"auto, (max-width: 2000px) 100vw, 2000px\" \/><\/figure>\n\n\n<div style=\"height:1.5em\" aria-hidden=\"true\" class=\"wp-block-spacer\"><\/div>\n\n\n<h2 class=\"has-text-align-center wp-block-post-title\"><a href=\"https:\/\/irem-caen-mn.fr\/index.php\/activites\/ressources-en-ligne\/\" target=\"_self\" >Ressources en ligne<\/a><\/h2>\n\n\n<div style=\"height:1em\" aria-hidden=\"true\" class=\"wp-block-spacer\"><\/div>\n\n\n<div class=\"has-text-align-left wp-block-post-excerpt\"><p class=\"wp-block-post-excerpt__excerpt\">Pour un cours complet <\/p><\/div><\/div><\/div>\n\n<\/li><li class=\"wp-block-post post-218 page type-page status-publish has-post-thumbnail hentry category-activites tag-geogebra tag-redefinition\">\n\n<div style=\"height:1.6em\" aria-hidden=\"true\" class=\"wp-block-spacer\"><\/div>\n\n\n\n<div class=\"wp-block-group has-background\" style=\"background-color:#ddecf8\"><div class=\"wp-block-group__inner-container is-layout-flow wp-block-group-is-layout-flow\"><figure class=\"wp-block-post-featured-image\"><img loading=\"lazy\" decoding=\"async\" width=\"2000\" height=\"363\" src=\"https:\/\/irem-caen-mn.fr\/wp-content\/uploads\/2022\/11\/6.jpg\" class=\"attachment-post-thumbnail size-post-thumbnail wp-post-image\" alt=\"\" style=\"object-fit:cover;\" srcset=\"https:\/\/irem-caen-mn.fr\/wp-content\/uploads\/2022\/11\/6.jpg 2000w, https:\/\/irem-caen-mn.fr\/wp-content\/uploads\/2022\/11\/6-300x54.jpg 300w, https:\/\/irem-caen-mn.fr\/wp-content\/uploads\/2022\/11\/6-1024x186.jpg 1024w, https:\/\/irem-caen-mn.fr\/wp-content\/uploads\/2022\/11\/6-768x139.jpg 768w, https:\/\/irem-caen-mn.fr\/wp-content\/uploads\/2022\/11\/6-1536x279.jpg 1536w\" sizes=\"auto, (max-width: 2000px) 100vw, 2000px\" \/><\/figure>\n\n\n<div style=\"height:1.5em\" aria-hidden=\"true\" class=\"wp-block-spacer\"><\/div>\n\n\n<h2 class=\"has-text-align-center wp-block-post-title\"><a href=\"https:\/\/irem-caen-mn.fr\/index.php\/activites\/activite-2\/\" target=\"_self\" >Activit\u00e9 2<\/a><\/h2>\n\n\n<div style=\"height:1em\" aria-hidden=\"true\" class=\"wp-block-spacer\"><\/div>\n\n\n<div class=\"has-text-align-left wp-block-post-excerpt\"><p class=\"wp-block-post-excerpt__excerpt\">kjhks&lt;g kjshdkhks sggggsgs <\/p><\/div><\/div><\/div>\n\n<\/li><li class=\"wp-block-post post-217 page type-page status-publish has-post-thumbnail hentry category-activites tag-augmentation\">\n\n<div style=\"height:1.6em\" aria-hidden=\"true\" class=\"wp-block-spacer\"><\/div>\n\n\n\n<div class=\"wp-block-group has-background\" style=\"background-color:#ddecf8\"><div class=\"wp-block-group__inner-container is-layout-flow wp-block-group-is-layout-flow\"><figure class=\"wp-block-post-featured-image\"><img loading=\"lazy\" decoding=\"async\" width=\"2000\" height=\"363\" src=\"https:\/\/irem-caen-mn.fr\/wp-content\/uploads\/2022\/11\/4.jpg\" class=\"attachment-post-thumbnail size-post-thumbnail wp-post-image\" alt=\"\" style=\"object-fit:cover;\" srcset=\"https:\/\/irem-caen-mn.fr\/wp-content\/uploads\/2022\/11\/4.jpg 2000w, https:\/\/irem-caen-mn.fr\/wp-content\/uploads\/2022\/11\/4-300x54.jpg 300w, https:\/\/irem-caen-mn.fr\/wp-content\/uploads\/2022\/11\/4-1024x186.jpg 1024w, https:\/\/irem-caen-mn.fr\/wp-content\/uploads\/2022\/11\/4-768x139.jpg 768w, https:\/\/irem-caen-mn.fr\/wp-content\/uploads\/2022\/11\/4-1536x279.jpg 1536w\" sizes=\"auto, (max-width: 2000px) 100vw, 2000px\" \/><\/figure>\n\n\n<div style=\"height:1.5em\" aria-hidden=\"true\" class=\"wp-block-spacer\"><\/div>\n\n\n<h2 class=\"has-text-align-center wp-block-post-title\"><a href=\"https:\/\/irem-caen-mn.fr\/index.php\/activites\/activite-1\/\" target=\"_self\" >Activit\u00e9 1<\/a><\/h2>\n\n\n<div style=\"height:1em\" aria-hidden=\"true\" class=\"wp-block-spacer\"><\/div>\n\n\n<div class=\"has-text-align-left wp-block-post-excerpt\"><p class=\"wp-block-post-excerpt__excerpt\">kjhks&lt;g kjshdkhks sggggsgs <\/p><\/div><\/div><\/div>\n\n<\/li><li class=\"wp-block-post post-213 page type-page status-publish has-post-thumbnail hentry category-pratiques tag-augmentation tag-kahoot tag-smartphone\">\n\n<div style=\"height:1.6em\" aria-hidden=\"true\" class=\"wp-block-spacer\"><\/div>\n\n\n\n<div class=\"wp-block-group has-background\" style=\"background-color:#ddecf8\"><div class=\"wp-block-group__inner-container is-layout-flow wp-block-group-is-layout-flow\"><figure class=\"wp-block-post-featured-image\"><img loading=\"lazy\" decoding=\"async\" width=\"2000\" height=\"363\" src=\"https:\/\/irem-caen-mn.fr\/wp-content\/uploads\/2022\/11\/4.jpg\" class=\"attachment-post-thumbnail size-post-thumbnail wp-post-image\" alt=\"\" style=\"object-fit:cover;\" srcset=\"https:\/\/irem-caen-mn.fr\/wp-content\/uploads\/2022\/11\/4.jpg 2000w, https:\/\/irem-caen-mn.fr\/wp-content\/uploads\/2022\/11\/4-300x54.jpg 300w, https:\/\/irem-caen-mn.fr\/wp-content\/uploads\/2022\/11\/4-1024x186.jpg 1024w, https:\/\/irem-caen-mn.fr\/wp-content\/uploads\/2022\/11\/4-768x139.jpg 768w, https:\/\/irem-caen-mn.fr\/wp-content\/uploads\/2022\/11\/4-1536x279.jpg 1536w\" sizes=\"auto, (max-width: 2000px) 100vw, 2000px\" \/><\/figure>\n\n\n<div style=\"height:1.5em\" aria-hidden=\"true\" class=\"wp-block-spacer\"><\/div>\n\n\n<h2 class=\"has-text-align-center wp-block-post-title\"><a href=\"https:\/\/irem-caen-mn.fr\/index.php\/activites\/un-quiz-de-fin-de-seance\/\" target=\"_self\" >Un quiz de fin de s\u00e9ance<\/a><\/h2>\n\n\n<div style=\"height:1em\" aria-hidden=\"true\" class=\"wp-block-spacer\"><\/div>\n\n\n<div class=\"has-text-align-left wp-block-post-excerpt\"><p class=\"wp-block-post-excerpt__excerpt\">Pour v\u00e9rifier que les points cl\u00e9s du cours ont bien \u00e9t\u00e9 compris <\/p><\/div><\/div><\/div>\n\n<\/li><\/ul>\n\n\n\n<\/div>\n","protected":false},"excerpt":{"rendered":"<p>Listes des activit\u00e9s<\/p>\n","protected":false},"author":4,"featured_media":0,"parent":0,"menu_order":3,"comment_status":"closed","ping_status":"closed","template":"","meta":{"_coblocks_attr":"","_coblocks_dimensions":"","_coblocks_responsive_height":"","_coblocks_accordion_ie_support":"","footnotes":""},"categories":[],"tags":[],"class_list":["post-14","page","type-page","status-publish","hentry"],"_links":{"self":[{"href":"https:\/\/irem-caen-mn.fr\/index.php\/wp-json\/wp\/v2\/pages\/14","targetHints":{"allow":["GET"]}}],"collection":[{"href":"https:\/\/irem-caen-mn.fr\/index.php\/wp-json\/wp\/v2\/pages"}],"about":[{"href":"https:\/\/irem-caen-mn.fr\/index.php\/wp-json\/wp\/v2\/types\/page"}],"author":[{"embeddable":true,"href":"https:\/\/irem-caen-mn.fr\/index.php\/wp-json\/wp\/v2\/users\/4"}],"replies":[{"embeddable":true,"href":"https:\/\/irem-caen-mn.fr\/index.php\/wp-json\/wp\/v2\/comments?post=14"}],"version-history":[{"count":47,"href":"https:\/\/irem-caen-mn.fr\/index.php\/wp-json\/wp\/v2\/pages\/14\/revisions"}],"predecessor-version":[{"id":1040,"href":"https:\/\/irem-caen-mn.fr\/index.php\/wp-json\/wp\/v2\/pages\/14\/revisions\/1040"}],"wp:attachment":[{"href":"https:\/\/irem-caen-mn.fr\/index.php\/wp-json\/wp\/v2\/media?parent=14"}],"wp:term":[{"taxonomy":"category","embeddable":true,"href":"https:\/\/irem-caen-mn.fr\/index.php\/wp-json\/wp\/v2\/categories?post=14"},{"taxonomy":"post_tag","embeddable":true,"href":"https:\/\/irem-caen-mn.fr\/index.php\/wp-json\/wp\/v2\/tags?post=14"}],"curies":[{"name":"wp","href":"https:\/\/api.w.org\/{rel}","templated":true}]}}