{"id":2,"date":"2022-07-09T09:28:15","date_gmt":"2022-07-09T07:28:15","guid":{"rendered":"http:\/\/51.83.43.115\/?page_id=2"},"modified":"2022-11-24T11:52:21","modified_gmt":"2022-11-24T10:52:21","slug":"page-d-exemple","status":"publish","type":"page","link":"https:\/\/irem-caen-mn.fr\/index.php\/page-d-exemple\/","title":{"rendered":"Notre cadre d&rsquo;\u00e9tude"},"content":{"rendered":"\n<p>Pour d\u00e9terminer l&rsquo;impact de l&rsquo;utilisation du num\u00e9rique dans les activit\u00e9s d&rsquo;apprentissage en math\u00e9matiques, nous avons choisi d&rsquo;analyser des exemples d&rsquo;activit\u00e9s avec le cadre th\u00e9orique du mod\u00e8le S.A.M.R. d\u00e9velopp\u00e9 par le&nbsp;Dr Ruben Puentedura&nbsp;(2006).<\/p>\n\n\n\n<p>Cet outil conceptuel permet de positionner une activit\u00e9 d&rsquo;apprentissage en fonction du degr\u00e9 de modification qu&rsquo;apporte la technologie dans l&rsquo;action d&rsquo;apprentissage pour l&rsquo;\u00e9l\u00e8ve.<\/p>\n\n\n\n<p>L&rsquo;illustration suivante le d\u00e9crit bien :<\/p>\n\n\n<div class=\"wp-block-image\">\n<figure class=\"aligncenter size-full has-lightbox\"><img loading=\"lazy\" decoding=\"async\" width=\"600\" height=\"450\" src=\"http:\/\/irem-caen-mn.fr\/wp-content\/uploads\/2022\/11\/samr_def_2-57d01-1.jpg\" alt=\"\" class=\"wp-image-644\" srcset=\"https:\/\/irem-caen-mn.fr\/wp-content\/uploads\/2022\/11\/samr_def_2-57d01-1.jpg 600w, https:\/\/irem-caen-mn.fr\/wp-content\/uploads\/2022\/11\/samr_def_2-57d01-1-300x225.jpg 300w\" sizes=\"auto, (max-width: 600px) 100vw, 600px\" \/><figcaption class=\"wp-element-caption\">  <\/figcaption><\/figure>\n<\/div>\n\n\n<p>Pour \u00e9tablir le classement d&rsquo;une activit\u00e9 nous avons repris le travail de Christophe Rhein pour l&rsquo;adapter plus sp\u00e9cifiquement \u00e0 notre discipline et aboutir \u00e0 la construction du protocole suivant :<\/p>\n\n\n<div class=\"wp-block-image\">\n<figure class=\"aligncenter size-large is-resized\"><img loading=\"lazy\" decoding=\"async\" src=\"http:\/\/irem-caen-mn.fr\/wp-content\/uploads\/2022\/11\/SAMR-Infographie-768x1024.jpg\" alt=\"\" class=\"wp-image-703\" width=\"576\" height=\"768\" srcset=\"https:\/\/irem-caen-mn.fr\/wp-content\/uploads\/2022\/11\/SAMR-Infographie-768x1024.jpg 768w, https:\/\/irem-caen-mn.fr\/wp-content\/uploads\/2022\/11\/SAMR-Infographie-225x300.jpg 225w, https:\/\/irem-caen-mn.fr\/wp-content\/uploads\/2022\/11\/SAMR-Infographie-1152x1536.jpg 1152w, https:\/\/irem-caen-mn.fr\/wp-content\/uploads\/2022\/11\/SAMR-Infographie.jpg 1200w\" sizes=\"auto, (max-width: 576px) 100vw, 576px\" \/><\/figure>\n<\/div>\n\n\n<p><\/p>\n\n\n\n<p>Pour l&rsquo;instant, notre travail reste du domaine de l&rsquo;analyse d&rsquo;exemples. Pour aller plus loin et engager un vrai travail de recherche, il serait n\u00e9cessaire de d\u00e9terminer une m\u00e9thodologie quand au choix des activit\u00e9s analys\u00e9es.<\/p>\n","protected":false},"excerpt":{"rendered":"<p>Pour d\u00e9terminer l&rsquo;impact de l&rsquo;utilisation du num\u00e9rique dans les activit\u00e9s d&rsquo;apprentissage en math\u00e9matiques, nous avons choisi d&rsquo;analyser des exemples d&rsquo;activit\u00e9s avec le cadre th\u00e9orique du &hellip; <\/p>\n","protected":false},"author":1,"featured_media":0,"parent":0,"menu_order":1,"comment_status":"closed","ping_status":"closed","template":"","meta":{"_coblocks_attr":"","_coblocks_dimensions":"","_coblocks_responsive_height":"","_coblocks_accordion_ie_support":"","footnotes":""},"categories":[],"tags":[],"class_list":["post-2","page","type-page","status-publish","hentry"],"_links":{"self":[{"href":"https:\/\/irem-caen-mn.fr\/index.php\/wp-json\/wp\/v2\/pages\/2","targetHints":{"allow":["GET"]}}],"collection":[{"href":"https:\/\/irem-caen-mn.fr\/index.php\/wp-json\/wp\/v2\/pages"}],"about":[{"href":"https:\/\/irem-caen-mn.fr\/index.php\/wp-json\/wp\/v2\/types\/page"}],"author":[{"embeddable":true,"href":"https:\/\/irem-caen-mn.fr\/index.php\/wp-json\/wp\/v2\/users\/1"}],"replies":[{"embeddable":true,"href":"https:\/\/irem-caen-mn.fr\/index.php\/wp-json\/wp\/v2\/comments?post=2"}],"version-history":[{"count":14,"href":"https:\/\/irem-caen-mn.fr\/index.php\/wp-json\/wp\/v2\/pages\/2\/revisions"}],"predecessor-version":[{"id":777,"href":"https:\/\/irem-caen-mn.fr\/index.php\/wp-json\/wp\/v2\/pages\/2\/revisions\/777"}],"wp:attachment":[{"href":"https:\/\/irem-caen-mn.fr\/index.php\/wp-json\/wp\/v2\/media?parent=2"}],"wp:term":[{"taxonomy":"category","embeddable":true,"href":"https:\/\/irem-caen-mn.fr\/index.php\/wp-json\/wp\/v2\/categories?post=2"},{"taxonomy":"post_tag","embeddable":true,"href":"https:\/\/irem-caen-mn.fr\/index.php\/wp-json\/wp\/v2\/tags?post=2"}],"curies":[{"name":"wp","href":"https:\/\/api.w.org\/{rel}","templated":true}]}}