{"id":360,"date":"2022-10-15T23:04:01","date_gmt":"2022-10-15T21:04:01","guid":{"rendered":"https:\/\/irem-caen-mn.fr\/?page_id=360"},"modified":"2023-03-11T22:33:18","modified_gmt":"2023-03-11T21:33:18","slug":"la-quiziniere","status":"publish","type":"page","link":"https:\/\/irem-caen-mn.fr\/index.php\/outils\/la-quiziniere\/","title":{"rendered":"Quizini\u00e8re"},"content":{"rendered":"\n<div class=\"wp-block-columns has-background is-layout-flex wp-container-core-columns-is-layout-9d6595d7 wp-block-columns-is-layout-flex\" style=\"background-color:#ddecf8\">\n<div class=\"wp-block-column is-vertically-aligned-center is-layout-flow wp-block-column-is-layout-flow\" style=\"flex-basis:15%\"><figure class=\"wp-block-post-featured-image\"><img loading=\"lazy\" decoding=\"async\" width=\"916\" height=\"916\" src=\"https:\/\/irem-caen-mn.fr\/wp-content\/uploads\/2022\/09\/Quiziniere.png\" class=\"attachment-post-thumbnail size-post-thumbnail wp-post-image\" alt=\"\" style=\"object-fit:cover;\" srcset=\"https:\/\/irem-caen-mn.fr\/wp-content\/uploads\/2022\/09\/Quiziniere.png 916w, https:\/\/irem-caen-mn.fr\/wp-content\/uploads\/2022\/09\/Quiziniere-300x300.png 300w, https:\/\/irem-caen-mn.fr\/wp-content\/uploads\/2022\/09\/Quiziniere-150x150.png 150w, https:\/\/irem-caen-mn.fr\/wp-content\/uploads\/2022\/09\/Quiziniere-768x768.png 768w, https:\/\/irem-caen-mn.fr\/wp-content\/uploads\/2022\/09\/Quiziniere-130x130.png 130w, https:\/\/irem-caen-mn.fr\/wp-content\/uploads\/2022\/09\/Quiziniere-106x106.png 106w\" sizes=\"auto, (max-width: 916px) 100vw, 916px\" \/><\/figure><\/div>\n\n\n\n<div class=\"wp-block-column is-vertically-aligned-center is-layout-flow wp-block-column-is-layout-flow\" style=\"flex-basis:85%\">\n<p class=\"has-text-align-center\" style=\"font-size:1.5em\">Quizini\u00e8re est une application web permettant de cr\u00e9er des activit\u00e9s p\u00e9dagogiques en ligne<\/p>\n<\/div>\n<\/div>\n\n\n\n<!--more-->\n\n\n\n<p>Quizini\u00e8re est une application web permettant de cr\u00e9er et de partager des activit\u00e9s. <\/p>\n\n\n\n<p>Le projet fait partie du r\u00e9seau Canop\u00e9. Il est libre et gratuit.<\/p>\n\n\n\n<p>Les \u00e9l\u00e8ves acc\u00e8dent au travail via un lien fournit par l&rsquo;enseignant. Il entre leur nom et peuvent ensuite faire le travail. L&rsquo;enseignant peut annoter le travail et l&rsquo;\u00e9l\u00e8ve acc\u00e8de aux r\u00e9sultats par un lien fournit. <\/p>\n\n\n<div class=\"wp-block-image\">\n<figure class=\"aligncenter size-full is-resized\"><a href=\"https:\/\/www.quiziniere.com\/\" target=\"_blank\" rel=\"noreferrer noopener\"><img decoding=\"async\" src=\"http:\/\/irem-caen-mn.fr\/wp-content\/uploads\/2023\/03\/image-11.png\" alt=\"\" class=\"wp-image-954\" width=\"200\" srcset=\"https:\/\/irem-caen-mn.fr\/wp-content\/uploads\/2023\/03\/image-11.png 357w, https:\/\/irem-caen-mn.fr\/wp-content\/uploads\/2023\/03\/image-11-300x101.png 300w\" sizes=\"(max-width: 357px) 100vw, 357px\" \/><\/a><\/figure>\n<\/div>\n\n\n<div class=\"wp-block-columns is-layout-flex wp-container-core-columns-is-layout-9d6595d7 wp-block-columns-is-layout-flex\">\n<div class=\"wp-block-column is-layout-flow wp-block-column-is-layout-flow\">\n<div class=\"wp-block-columns is-layout-flex wp-container-core-columns-is-layout-9d6595d7 wp-block-columns-is-layout-flex\">\n<div class=\"wp-block-column is-layout-flow wp-block-column-is-layout-flow\" style=\"flex-basis:10%\"><\/div>\n\n\n\n<div class=\"wp-block-column is-layout-flow wp-block-column-is-layout-flow\" style=\"flex-basis:80%\">\n<figure class=\"wp-block-image size-full is-resized\"><img loading=\"lazy\" decoding=\"async\" src=\"http:\/\/irem-caen-mn.fr\/wp-content\/uploads\/2022\/11\/1-1.png\" alt=\"\" class=\"wp-image-560\" width=\"264\" height=\"49\" srcset=\"https:\/\/irem-caen-mn.fr\/wp-content\/uploads\/2022\/11\/1-1.png 945w, https:\/\/irem-caen-mn.fr\/wp-content\/uploads\/2022\/11\/1-1-300x56.png 300w, https:\/\/irem-caen-mn.fr\/wp-content\/uploads\/2022\/11\/1-1-768x144.png 768w\" sizes=\"auto, (max-width: 264px) 100vw, 264px\" \/><\/figure>\n<\/div>\n\n\n\n<div class=\"wp-block-column is-layout-flow wp-block-column-is-layout-flow\" style=\"flex-basis:10%\"><\/div>\n<\/div>\n\n\n\n<ul class=\"has-background wp-block-list\" style=\"background-color:#ddecf8\">\n<li>=&gt; Libre et Gratuit<\/li>\n\n\n\n<li>=&gt; De nombreuses ressources accessibles et partag\u00e9es<\/li>\n\n\n\n<li>=&gt; RGPD<\/li>\n\n\n\n<li>=&gt; Suivi et \u00e9valuation<\/li>\n<\/ul>\n<\/div>\n\n\n\n<div class=\"wp-block-column is-layout-flow wp-block-column-is-layout-flow\">\n<div class=\"wp-block-columns is-layout-flex wp-container-core-columns-is-layout-9d6595d7 wp-block-columns-is-layout-flex\">\n<div class=\"wp-block-column is-layout-flow wp-block-column-is-layout-flow\" style=\"flex-basis:10%\"><\/div>\n\n\n\n<div class=\"wp-block-column is-layout-flow wp-block-column-is-layout-flow\" style=\"flex-basis:80%\">\n<figure class=\"wp-block-image size-full\"><img loading=\"lazy\" decoding=\"async\" width=\"945\" height=\"177\" src=\"http:\/\/irem-caen-mn.fr\/wp-content\/uploads\/2022\/11\/2-1.png\" alt=\"\" class=\"wp-image-559\" srcset=\"https:\/\/irem-caen-mn.fr\/wp-content\/uploads\/2022\/11\/2-1.png 945w, https:\/\/irem-caen-mn.fr\/wp-content\/uploads\/2022\/11\/2-1-300x56.png 300w, https:\/\/irem-caen-mn.fr\/wp-content\/uploads\/2022\/11\/2-1-768x144.png 768w\" sizes=\"auto, (max-width: 945px) 100vw, 945px\" \/><\/figure>\n<\/div>\n\n\n\n<div class=\"wp-block-column is-layout-flow wp-block-column-is-layout-flow\" style=\"flex-basis:10%\"><\/div>\n<\/div>\n\n\n\n<ul class=\"has-background wp-block-list\" style=\"background-color:#ddecf8\">\n<li>=&gt; Inscription de l&rsquo;enseignant<\/li>\n\n\n\n<li>=&gt; N\u00e9cessite une connexion internet<\/li>\n<\/ul>\n<\/div>\n<\/div>\n","protected":false},"excerpt":{"rendered":"<p>Quizini\u00e8re est une application web permettant de cr\u00e9er des activit\u00e9s p\u00e9dagogiques en ligne<\/p>\n","protected":false},"author":1,"featured_media":89,"parent":16,"menu_order":0,"comment_status":"closed","ping_status":"closed","template":"","meta":{"_coblocks_attr":"","_coblocks_dimensions":"","_coblocks_responsive_height":"","_coblocks_accordion_ie_support":"","footnotes":""},"categories":[17],"tags":[],"class_list":["post-360","page","type-page","status-publish","has-post-thumbnail","hentry","category-outils"],"_links":{"self":[{"href":"https:\/\/irem-caen-mn.fr\/index.php\/wp-json\/wp\/v2\/pages\/360","targetHints":{"allow":["GET"]}}],"collection":[{"href":"https:\/\/irem-caen-mn.fr\/index.php\/wp-json\/wp\/v2\/pages"}],"about":[{"href":"https:\/\/irem-caen-mn.fr\/index.php\/wp-json\/wp\/v2\/types\/page"}],"author":[{"embeddable":true,"href":"https:\/\/irem-caen-mn.fr\/index.php\/wp-json\/wp\/v2\/users\/1"}],"replies":[{"embeddable":true,"href":"https:\/\/irem-caen-mn.fr\/index.php\/wp-json\/wp\/v2\/comments?post=360"}],"version-history":[{"count":6,"href":"https:\/\/irem-caen-mn.fr\/index.php\/wp-json\/wp\/v2\/pages\/360\/revisions"}],"predecessor-version":[{"id":956,"href":"https:\/\/irem-caen-mn.fr\/index.php\/wp-json\/wp\/v2\/pages\/360\/revisions\/956"}],"up":[{"embeddable":true,"href":"https:\/\/irem-caen-mn.fr\/index.php\/wp-json\/wp\/v2\/pages\/16"}],"wp:featuredmedia":[{"embeddable":true,"href":"https:\/\/irem-caen-mn.fr\/index.php\/wp-json\/wp\/v2\/media\/89"}],"wp:attachment":[{"href":"https:\/\/irem-caen-mn.fr\/index.php\/wp-json\/wp\/v2\/media?parent=360"}],"wp:term":[{"taxonomy":"category","embeddable":true,"href":"https:\/\/irem-caen-mn.fr\/index.php\/wp-json\/wp\/v2\/categories?post=360"},{"taxonomy":"post_tag","embeddable":true,"href":"https:\/\/irem-caen-mn.fr\/index.php\/wp-json\/wp\/v2\/tags?post=360"}],"curies":[{"name":"wp","href":"https:\/\/api.w.org\/{rel}","templated":true}]}}