{"id":88,"date":"2022-09-26T12:12:47","date_gmt":"2022-09-26T10:12:47","guid":{"rendered":"http:\/\/51.83.43.115\/?page_id=88"},"modified":"2023-01-26T15:38:18","modified_gmt":"2023-01-26T14:38:18","slug":"moodle","status":"publish","type":"page","link":"https:\/\/irem-caen-mn.fr\/index.php\/outils\/moodle\/","title":{"rendered":"Moodle"},"content":{"rendered":"\n<div class=\"wp-block-columns has-background is-layout-flex wp-container-core-columns-is-layout-9d6595d7 wp-block-columns-is-layout-flex\" style=\"background-color:#ddecf8\">\n<div class=\"wp-block-column is-vertically-aligned-center is-layout-flow wp-block-column-is-layout-flow\" style=\"flex-basis:15%\"><figure class=\"wp-block-post-featured-image\"><img loading=\"lazy\" decoding=\"async\" width=\"916\" height=\"916\" src=\"https:\/\/irem-caen-mn.fr\/wp-content\/uploads\/2022\/09\/Moodle.jpg\" class=\"attachment-post-thumbnail size-post-thumbnail wp-post-image\" alt=\"\" style=\"object-fit:cover;\" srcset=\"https:\/\/irem-caen-mn.fr\/wp-content\/uploads\/2022\/09\/Moodle.jpg 916w, https:\/\/irem-caen-mn.fr\/wp-content\/uploads\/2022\/09\/Moodle-300x300.jpg 300w, https:\/\/irem-caen-mn.fr\/wp-content\/uploads\/2022\/09\/Moodle-150x150.jpg 150w, https:\/\/irem-caen-mn.fr\/wp-content\/uploads\/2022\/09\/Moodle-768x768.jpg 768w, https:\/\/irem-caen-mn.fr\/wp-content\/uploads\/2022\/09\/Moodle-130x130.jpg 130w, https:\/\/irem-caen-mn.fr\/wp-content\/uploads\/2022\/09\/Moodle-106x106.jpg 106w\" sizes=\"auto, (max-width: 916px) 100vw, 916px\" \/><\/figure><\/div>\n\n\n\n<div class=\"wp-block-column is-vertically-aligned-center is-layout-flow wp-block-column-is-layout-flow\" style=\"flex-basis:85%\">\n<p class=\"has-text-align-center\" style=\"font-size:1.5em\"><em>Moodle est une plateforme d&rsquo;apprentissage en ligne int\u00e9gr\u00e9e dans N\u00e9o. <\/em><\/p>\n<\/div>\n<\/div>\n\n\n\n<!--more-->\n\n\n\n<p><\/p>\n\n\n\n<p>Moodle permet :<\/p>\n\n\n\n<ul class=\"wp-block-list\">\n<li>de mettre \u00e0 disposition des \u00e9l\u00e8ves des cours complets int\u00e9grant toutes les ressources num\u00e9riques<\/li>\n\n\n\n<li>de d\u00e9poser des devoirs et de r\u00e9cup\u00e9rer les travaux des \u00e9l\u00e8ves<\/li>\n\n\n\n<li>d&rsquo;\u00e9valuer les \u00e9l\u00e8ves avec des quiz<\/li>\n\n\n\n<li>de cr\u00e9er des documents collaboratifs <\/li>\n\n\n\n<li>de cr\u00e9er des parcours d&rsquo;apprentissages int\u00e9grant des tests param\u00e9trables dont les r\u00e9sultats peuvent pris en compte pour la poursuite ou non du parcours<\/li>\n\n\n\n<li>&#8230;<\/li>\n<\/ul>\n\n\n\n<p><\/p>\n\n\n\n<div class=\"wp-block-columns is-layout-flex wp-container-core-columns-is-layout-9d6595d7 wp-block-columns-is-layout-flex\">\n<div class=\"wp-block-column is-layout-flow wp-block-column-is-layout-flow\">\n<div class=\"wp-block-columns is-layout-flex wp-container-core-columns-is-layout-9d6595d7 wp-block-columns-is-layout-flex\">\n<div class=\"wp-block-column is-layout-flow wp-block-column-is-layout-flow\" style=\"flex-basis:10%\"><\/div>\n\n\n\n<div class=\"wp-block-column is-layout-flow wp-block-column-is-layout-flow\" style=\"flex-basis:80%\">\n<figure class=\"wp-block-image size-full is-resized\"><img loading=\"lazy\" decoding=\"async\" src=\"http:\/\/irem-caen-mn.fr\/wp-content\/uploads\/2022\/11\/1-1.png\" alt=\"\" class=\"wp-image-560\" width=\"264\" height=\"49\" srcset=\"https:\/\/irem-caen-mn.fr\/wp-content\/uploads\/2022\/11\/1-1.png 945w, https:\/\/irem-caen-mn.fr\/wp-content\/uploads\/2022\/11\/1-1-300x56.png 300w, https:\/\/irem-caen-mn.fr\/wp-content\/uploads\/2022\/11\/1-1-768x144.png 768w\" sizes=\"auto, (max-width: 264px) 100vw, 264px\" \/><\/figure>\n<\/div>\n\n\n\n<div class=\"wp-block-column is-layout-flow wp-block-column-is-layout-flow\" style=\"flex-basis:10%\"><\/div>\n<\/div>\n\n\n\n<p class=\"has-background\" style=\"background-color:#ddecf8\">=> Les nombreuses applications \u00e0 disposition pour cr\u00e9er les cours, les parcours<\/p>\n<\/div>\n\n\n\n<div class=\"wp-block-column is-layout-flow wp-block-column-is-layout-flow\">\n<div class=\"wp-block-columns is-layout-flex wp-container-core-columns-is-layout-9d6595d7 wp-block-columns-is-layout-flex\">\n<div class=\"wp-block-column is-layout-flow wp-block-column-is-layout-flow\" style=\"flex-basis:10%\"><\/div>\n\n\n\n<div class=\"wp-block-column is-layout-flow wp-block-column-is-layout-flow\" style=\"flex-basis:80%\">\n<figure class=\"wp-block-image size-full\"><img loading=\"lazy\" decoding=\"async\" width=\"945\" height=\"177\" src=\"http:\/\/irem-caen-mn.fr\/wp-content\/uploads\/2022\/11\/2-1.png\" alt=\"\" class=\"wp-image-559\" srcset=\"https:\/\/irem-caen-mn.fr\/wp-content\/uploads\/2022\/11\/2-1.png 945w, https:\/\/irem-caen-mn.fr\/wp-content\/uploads\/2022\/11\/2-1-300x56.png 300w, https:\/\/irem-caen-mn.fr\/wp-content\/uploads\/2022\/11\/2-1-768x144.png 768w\" sizes=\"auto, (max-width: 945px) 100vw, 945px\" \/><\/figure>\n<\/div>\n\n\n\n<div class=\"wp-block-column is-layout-flow wp-block-column-is-layout-flow\" style=\"flex-basis:10%\"><\/div>\n<\/div>\n\n\n\n<p class=\"has-background\" style=\"background-color:#ddecf8\">=> Difficile \u00e0 prendre en main, il faut suivre une formation pour ma\u00eetriser les bases <\/p>\n<\/div>\n<\/div>\n","protected":false},"excerpt":{"rendered":"<p>Moodle est une plateforme d&rsquo;apprentissage en ligne int\u00e9gr\u00e9e dans N\u00e9o.<\/p>\n","protected":false},"author":4,"featured_media":96,"parent":16,"menu_order":0,"comment_status":"closed","ping_status":"closed","template":"","meta":{"_coblocks_attr":"","_coblocks_dimensions":"","_coblocks_responsive_height":"","_coblocks_accordion_ie_support":"","footnotes":""},"categories":[17],"tags":[],"class_list":["post-88","page","type-page","status-publish","has-post-thumbnail","hentry","category-outils"],"_links":{"self":[{"href":"https:\/\/irem-caen-mn.fr\/index.php\/wp-json\/wp\/v2\/pages\/88","targetHints":{"allow":["GET"]}}],"collection":[{"href":"https:\/\/irem-caen-mn.fr\/index.php\/wp-json\/wp\/v2\/pages"}],"about":[{"href":"https:\/\/irem-caen-mn.fr\/index.php\/wp-json\/wp\/v2\/types\/page"}],"author":[{"embeddable":true,"href":"https:\/\/irem-caen-mn.fr\/index.php\/wp-json\/wp\/v2\/users\/4"}],"replies":[{"embeddable":true,"href":"https:\/\/irem-caen-mn.fr\/index.php\/wp-json\/wp\/v2\/comments?post=88"}],"version-history":[{"count":7,"href":"https:\/\/irem-caen-mn.fr\/index.php\/wp-json\/wp\/v2\/pages\/88\/revisions"}],"predecessor-version":[{"id":823,"href":"https:\/\/irem-caen-mn.fr\/index.php\/wp-json\/wp\/v2\/pages\/88\/revisions\/823"}],"up":[{"embeddable":true,"href":"https:\/\/irem-caen-mn.fr\/index.php\/wp-json\/wp\/v2\/pages\/16"}],"wp:featuredmedia":[{"embeddable":true,"href":"https:\/\/irem-caen-mn.fr\/index.php\/wp-json\/wp\/v2\/media\/96"}],"wp:attachment":[{"href":"https:\/\/irem-caen-mn.fr\/index.php\/wp-json\/wp\/v2\/media?parent=88"}],"wp:term":[{"taxonomy":"category","embeddable":true,"href":"https:\/\/irem-caen-mn.fr\/index.php\/wp-json\/wp\/v2\/categories?post=88"},{"taxonomy":"post_tag","embeddable":true,"href":"https:\/\/irem-caen-mn.fr\/index.php\/wp-json\/wp\/v2\/tags?post=88"}],"curies":[{"name":"wp","href":"https:\/\/api.w.org\/{rel}","templated":true}]}}